.
-7
Let i(q) = 2*q + 2. Let z be i(-4). Let o(x) be the second derivative of -x**3/6 + 3*x**2/2 + 3*x. Determine o(z).
9
Let m = -11 - -22. Let l = 10 - m. Let o(q) = -8*q - 1. Calculate o(l).
7
Let d be (-8)/(-36) - (-52)/9. Suppose 4*p = p - d. Let g(a) = a**3 + 3*a**2 - 2. What is g(p)?
2
Let a(d) = -d**3 - d**2 - d - 9. Let j(u) = -u**3 - 22*u**2 + 24*u + 23. Let i be j(-23). Determine a(i).
-9
Let f(w) = 2*w - 2. Let s = 76 + -73. Give f(s).
4
Suppose -6 + 2 = 4*b. Let t(k) = -k. Let u(x) = -10*x**2 + 1. Let d(h) = b*u(h) + 2*t(h). Give d(-1).
11
Let s(a) = 2*a + 7. Suppose 5*j - 2*o + 34 = 1, -16 = 2*j + 2*o. Let h = 2 + j. Give s(h).
-3
Let p(t) = 16*t**3 - 30*t**2 + t - 1. Let w(b) = -3*b**3 + 6*b**2. Let q(i) = 2*p(i) + 11*w(i). Let d(g) = -g**2 + g + 6. Let x be d(0). What is q(x)?
10
Let r(o) be the second derivative of -5*o**4/4 - o**3/3 - o**2/2 + 24*o. What is r(-1)?
-14
Let g(o) = o - 2. Suppose c + 18 = -5*s, -5*c - 2*s - 6 = 15. Let b be g(c). Let u(d) = -5*d - 5 + 4*d + 1. Determine u(b).
1
Let x(q) = 7*q**3 - 3*q**2 - 4*q - 10. Let o(f) = -15*f**3 + 6*f**2 + 9*f + 21. Let m(h) = -6*o(h) - 13*x(h). Suppose 4*z - 3 = 9. Determine m(z).
-2
Let n(u) = 3*u**3 + u**2 - u - 1. Let s = -14 - -13. Calculate n(s).
-2
Let a(c) = 7*c**3 - c. Let m(k) = -k**3 - k - 1. Let z be (-4)/(-3)*(-3)/2. Let o = z + 2. Let n be m(o). What is a(n)?
-6
Let l(a) = a**3 + 5*a**2 - 4*a + 8. Let c be l(-6). Let z = -8 - c. Let f(h) = 0 + 2*h - 1 - h**2 - h - 7*h. Determine f(z).
7
Let a(q) = q**2 - 8*q + 2. Let z(h) = -3*h - 1. Let k be z(-3). What is a(k)?
2
Let j(b) = 10 - 7 - 1 + 4*b - 3*b. Suppose -3 = x + 3. Determine j(x).
-4
Let z(a) be the first derivative of -a**4/4 - a**3/3 + a**2 + 3*a + 1. Let f be 8/(-3 + (-2 - -7)). Suppose f = -m + 2. Determine z(m).
3
Let y(a) be the second derivative of -a**5/20 - a**4/3 - 5*a**3/6 - 2*a**2 + 18*a + 2. Give y(-3).
2
Let y(d) = -8*d - 1. Let w(a) be the third derivative of -5*a**4/8 - a**3/6 + 3*a**2. Let f(o) = -3*w(o) + 5*y(o). What is f(-2)?
-12
Let t(g) = -g**3 + 4*g**2 - 3*g - 4. Let u(f) = -f**3 + 4*f**2 + 8*f - 12. Let a be u(5). Give t(a).
-4
Let v(i) = 10 + 12*i + 0 + 7*i + i**3 + 6*i - 10*i**2 - 17*i. Let z(a) = a**3 - 4*a**2 - 4*a + 4. Let n be z(5). Give v(n).
1
Let m(q) = q**3 + 6*q**2 + 5*q - 2. Suppose -3 - 5 = 2*h. What is m(h)?
10
Let s(x) = -x**2 + 10*x + 5. Let i be s(10). Suppose -i*a + 5 = -p, 4*a = -a - 5*p + 35. Let w(l) = l**3 + 4*l + 1 - a*l - l + 4*l**2 - 3*l**2. Calculate w(0).
1
Suppose -4*w + 3 = -9. Suppose 0*u + w*u = 12. Let l(h) = 0 - 3 + 6 + 2*h**2 + u*h. What is l(-2)?
3
Suppose 2*t - 2 = m - 0*m, 4*m - 3 = -3*t. Let q(a) = 7*a - 11. Let y(b) = 0 - 3 + 2*b + 0 + 0. Let s(x) = -6*q(x) + 22*y(x). Calculate s(t).
2
Let b(i) be the first derivative of i**4/4 - 2*i**3/3 - 3*i**2/2 + 4*i - 13. Suppose 10 = 3*a - 2. Suppose -8 = -a*c + 4. Determine b(c).
4
Let w = 3 - 3. Let d(u) = u**2 + 7. What is d(w)?
7
Let h = 6 + -12. Let q be 4/h*(5 - -4). Let m(k) = k**3 + 7*k**2 + 7*k + 2. Determine m(q).
-4
Let n(x) = x**3 + 6*x**2 + 5*x - 5. Suppose -15 = -5*p - 0*p. Suppose -p = -w - 2. Let f = -4 - w. What is n(f)?
-5
Let g(h) = -41*h - 10*h**2 + 50*h + 1 + h**3 + 9. Give g(9).
10
Let h(y) be the first derivative of -y**2/2 + 13*y - 52. Calculate h(8).
5
Let w be (-6)/24 + 3/(-4). Let v(p) = 6*p**2 + 3*p + 1. Let n(s) = 13*s**2 + 7*s + 2. Let l(a) = -2*n(a) + 5*v(a). Give l(w).
4
Let f(i) be the third derivative of i**6/60 - i**5/30 - i**4/24 - i**3/6 + 7*i**2. Suppose -h = -4 - 2. Let a = -4 + h. Calculate f(a).
5
Suppose 2*i - 8 = -2*i. Suppose -4*z - 2*f = -18, 0*f + 2*f = 2*z. Let w(j) = z*j - 4*j + 11*j**3 - 10*j**3. What is w(i)?
6
Let g(x) be the second derivative of 2*x + 0*x**2 + 0 + 1/24*x**4 - 1/60*x**5 + 1/6*x**3. Let u(d) be the second derivative of g(d). What is u(-2)?
5
Let t be (4*(-9)/6)/(-1). Let y(n) = -5*n**3 - 15*n**2 + 9*n + 11. Let m(u) = -2*u**3 - 7*u**2 + 4*u + 5. Let r(g) = t*y(g) - 13*m(g). Determine r(-1).
4
Let d(q) be the second derivative of q**3/6 + 2*q**2 + q + 2. What is d(-3)?
1
Let a(m) = -5 - 4*m + 3*m - 4*m + 4*m. Give a(0).
-5
Let d(f) = 2*f**2 - 3*f + 21. Let o(l) = -l**2 + 2*l - 10. Let h(k) = -6*d(k) - 13*o(k). Let v(u) = u + 1. Let w be v(5). Give h(w).
-8
Let i(u) = -6*u - 5. Let s(h) = -17*h - 14. Suppose 5*m - m = -5*b + 8, -5*m = 3*b - 10. Suppose b = -n + 3*n + 22. Let j(r) = n*i(r) + 4*s(r). Determine j(-4).
7
Let f be 1*(-1 + -1) + 12. Suppose y - 3*y = -f. Let w(v) be the first derivative of v**4/4 - 5*v**3/3 - v**2/2 - 1. What is w(y)?
-5
Let g(l) = l + 2 - 4 - 7 - 3. Determine g(12).
0
Let z(c) = c**3 - 4*c**2 - 5*c + 4. Let j(o) = -o**3 + 6*o**2 - 3*o + 9. Let x be j(6). Let b = -4 - x. What is z(b)?
4
Let p be 70/20*(-24)/(-14). Let k(r) = r**3 - 7*r**2 + 6*r + 5. What is k(p)?
5
Let i(f) = -5*f**3 - 10*f**2 - f + 1. Let m(y) = 9*y**3 + 19*y**2 + 2*y - 2. Let q(b) = -7*i(b) - 4*m(b). Calculate q(-5).
-19
Suppose 5*r = -0*r - 20. Let y(l) = -4*l + 8. Let s(n) = n - 1. Let c be (-6 + 1)*6/(-30). Let u(v) = c*y(v) + 5*s(v). Give u(r).
-1
Suppose -4*q + 44 - 4 = -5*d, d - 4*q - 8 = 0. Let k be (-7)/(-4) - 3/d. Let h(o) = o**k + 0*o - 5 + 8 + 4*o. What is h(-3)?
0
Suppose t + 2*t = -9. Let y = -3 - -7. Let u(i) = 3 + 3*i - y*i - 5. Determine u(t).
1
Let d(b) = b. Let h = 49 + -46. Calculate d(h).
3
Suppose -5*j = -5*v, v = 3*j + 3 + 5. Let w(i) = i + 1. What is w(j)?
-3
Suppose 0*l - 5*l + 200 = 0. Let m be (-2)/(-6) - l/12. Let z(w) = w**3 + 4*w**2 + 3*w - 2. Give z(m).
-2
Let b(o) be the first derivative of o**4/24 - o**3/2 + 3*o**2/2 + 7. Let u(t) be the second derivative of b(t). Give u(4).
1
Suppose 0 = -2*q - 0*q + 12. Let z be q/(3 + -2 - -1). Let o(l) = l**3 - 3*l**2 - l. Calculate o(z).
-3
Suppose -3 = -4*d - 5*o, -o - 3 = -d - 0*o. Let i(p) be the second derivative of -p**5/20 + p**3/2 - 3*p**2/2 + 5*p. What is i(d)?
-5
Let g(r) = -2*r**3 + 4*r**2 + 3*r - 3. Let q(p) = -5*p**2 - 4*p + 4. Let s(o) = 5*g(o) + 4*q(o). Suppose -4*h = -20, -13 - 6 = -4*n - 3*h. What is s(n)?
-10
Let n(w) = -w**2 + 8*w - 7. Suppose 5*s - s = 0. Suppose s = 2*o + o + 2*m - 29, -2*o + 10 = -m. Give n(o).
0
Suppose 0*c + 5 = -c. Let y(k) be the second derivative of -5/6*k**3 + 0 + 4*k - 7/2*k**2 - 1/12*k**4. Calculate y(c).
-7
Suppose -v + 4*g + 1 = 0, -12 = -2*v - 2*g - 0. Let p = -3 - -5. Let l(h) = p + 0*h + 3*h - 2 + 5 - h**2. Determine l(v).
-5
Let d(g) = -g**2 + 3*g + 7. Suppose -3*j + 42 = 4*j. Give d(j).
-11
Let r(x) be the third derivative of -x**5/60 - 3*x**2. Give r(-2).
-4
Let r(m) = m**3 - m**2 - 2*m. Suppose 0 = f + 5*k - 8, -2*k - 3 + 7 = 0. Determine r(f).
-8
Let l(h) = -h**2 - h - 3. Suppose 5*a = -z + 4*z + 9, -2*z + 2*a - 6 = 0. Let f = 3 + z. Give l(f).
-3
Let r = 4 + -8. Suppose -12 = -2*v - 3*c, -4*v + 2*c = c - 24. Let x be (-8)/(-6)*v/r. Let d(j) = -2*j. Calculate d(x).
4
Let q(f) = f**3 + 8*f**2 + 8*f + 2. Let z(p) = -p - 15. Let m be z(-8). Give q(m).
-5
Let k(y) = -9*y**3 - 21*y**2 - 21*y - 18. Let q(t) = 5*t**3 + 10*t**2 + 10*t + 9. Let x(i) = 4*k(i) + 7*q(i). Calculate x(-13).
4
Let l(q) be the third derivative of -q**5/60 + 7*q**4/24 + q**3/2 + 12*q**2. What is l(4)?
15
Let z be 115/30 + (-5)/(-30). Let a(q) = q**2 - 5*q + 4. Determine a(z).
0
Let f(q) be the third derivative of -q**5/60 + q**4/12 + q**3/6 + 6*q**2 - 3*q. Let k be -1 + 1/1 + 2. Let l = k + -3. Give f(l).
-2
Let z(j) be the third derivative of -j**4/24 + j**3 - 29*j**2. Determine z(6).
0
Let j be (-2)/(-6) + (-24)/(-9). Suppose -y + j*y = 18. Suppose -4*z = 3 + y. Let g(q) = -q**3 - 3*q**2 + 2*q - 4. Calculate g(z).
-10
Let i(y) = 3 - 6 + y + 2*y - y. What is i(6)?
9
Suppose 0 = -2*o - 0*o + 2. Let f(m) = m**3 - m**2 + m. What is f(o)?
1
Let a(h) = h - 4*h - h - 9 + 5*h. Determine a(0).
-9
Suppose 0*g - 5 = 2*j - g, 4*j = -3*g - 5. Let y(h) = -2*h**2 - 2*h. Determine y(j).
-4
Let d(w) = w**3 - 7*w**2 + 6*w - 5. Suppose 30 = -0*b + 5*b. Calculate d(b).
-5
Let f(t) = -t + 5. Suppose k + 23 = 5*p, 2*k - p + 11 = 2*p. Suppose -1 = -u, -k*x = -0*x + 3*u + 5. Give f(x).
9
Let z(o) = 6*o**2 - 7*o - 1. Suppose 4*d = q + 3*d - 4, 16 = 3*q - d. Let r(j) = 5*j**2 - 6*j - 1. Let k(s) = q*z(s) - 7*r(s). What is k(-3)?
10
Suppose -5*i + 7 = 4*s, 5*s + 0 = -3*i